 6) + 1.
47
Calculate 0 - 2 - 12 - (451 + -451 + -17).
3
41 - 21 - -100 - (153 - 154)
121
What is the value of (-2 - -12) + (-879 - -858)?
-11
What is 329 - 117 - 246 - (-1 - 129)?
96
Calculate -69 - (-14 + 27 + -29 + -2 + 5 + 12).
-68
Evaluate -28 + (8 + -2 + 3 - 1) - 1.
-21
Calculate -10 - -16 - (6 + -2 - 0 - -10) - 14.
-22
What is 16 + 24 + -131 + 30 + 15?
-46
What is the value of -3 + -7 - ((9 - -5) + -17 + 0)?
-7
What is the value of (-1 + -13 - (5 - -88 - 113)) + -23 + 2?
-15
What is (61 - 68 - 30) + (-2 - 0)?
-39
Calculate (-1 - 129) + 106 + (67 - -2).
45
What is (16 - 0) + (28 - (20 + 24)) + (-7 - 99)?
-106
What is the value of 10 + 1 + 524 + -530 + -2 + -60?
-57
What is (-31 + -18 - -8) + 39?
-2
Evaluate 3 + (-18 - (-27 + 15 + -16) - (23 - 1)).
-9
Evaluate 22 + (-11 + 72 - (-16 - (-28 - -14))).
85
-141 + -3 + -32 + 130
-46
What is (4 - 18) + (2 - (-58 - (9 - 18)))?
37
-75 + 14 + (0 - 10) + 11 + -31 + 27
-64
What is 1 + -1 + 39 - (-67 + 78) - (-2 - -7)?
23
(1 - -8 - (-43 - (-40 + 31))) + (-4 - -10)
49
Calculate 1 + -15 + 1 + 2 + (-29 - (-48 - -9)).
-1
Evaluate 21 - (66 + -9 + -5).
-31
What is the value of 10 + (3 + 0 + -1 - (140 + -199 + 97))?
-26
Evaluate 24 - 11 - (-6 + (-3 - (-18 + 22))).
26
What is the value of -10 + 28 + 4 + -45?
-23
35 + -45 + 21 - 9 - (1 - -3)
-2
What is 42 - (38 + 1 + -59) - -12?
74
Evaluate -1 + 0 + (13 - 0) - (3514 - 3477).
-25
Evaluate 176 - 205 - (-20 - -2) - ((-3 - -6) + 138).
-152
Evaluate (-2 - -27) + 12 + -9 + (4 - 26).
6
What is (-2 - -22) + 35 + -11 + -4 + 7 + 8?
55
Evaluate -9 - (-66 + 7 + -2 + 13) - -10.
49
What is the value of (2 - -51 - -10) + -1?
62
Evaluate 10 - (-19 - (-44 - -28 - 68)).
-55
What is the value of -4 + 2 + -6 + (44 - (40 - 16))?
12
(13 + 1 - 3 - 24) + (3 - (-3 - 1))
-6
What is (25 - 45) + 3 + 0 + (-1 - 4 - 3)?
-25
Calculate -23 + 1 + (0 - 3) - (-24089 + 24160).
-96
-3 + (-2 + 22 + 2 - (-1743 - -1748))
14
What is -52 - (1 - ((7 - (-15 - -26)) + 12))?
-45
What is the value of (-18 - (2 + 0)) + -110 + -148 + 251?
-27
Evaluate (1 - 5) + ((-142 - -148) + (-3 - 4) - -14).
9
What is (-4 - -1) + -264 + 265 + -39 - 12?
-53
What is the value of (23 + -18 - (0 + -23)) + -6?
22
Evaluate 77 + -140 + -11 + 95.
21
What is 5 + -14 + 52 - (-18 - -9 - (1 - 7))?
46
-345 + 356 - (-37 + 1) - 58
-11
Calculate 22 + 4 + -7 - (-280 - -296).
3
-19 - (-4 + (33 + -18 - -9))
-39
56 - ((5 + -28 - -10) + (5 + -16 - -33))
47
Calculate -51 - ((-5 + (2 - 18) - -20) + -15).
-35
Calculate (1 - (3 + 22)) + 9062 + -8926.
112
What is (-32 - 39) + (0 - -4) + (-11 - -8 - -1)?
-69
Evaluate -1284 - -1277 - (3 + (-3 + -12 - (1 - 3))).
3
What is the value of (-3 + 4 - (-7 + -116)) + -2 + (5 - 11)?
116
Evaluate -5 - ((1 - 57) + -1625 + 1646).
30
What is the value of 3 - 0 - (35 - (-13 - (22 + -43)))?
-24
What is the value of 6 - (-146 + 190) - 10?
-48
(0 - (-3 - -6)) + -18 + -2 + 27 + -23
-19
What is 414 + (38 - 166) + -153?
133
Evaluate -10 - 2 - ((-73 - -75) + (-7 - (10 + 74))).
77
Evaluate (85 + -18 - 78) + 6 - (2 + -4 + -8).
5
What is (0 - -1) + 121 + (-150 - -34)?
6
What is the value of -1 - -6 - (69 + -18 + -30)?
-16
Evaluate (-30 - -31) + -13 + -26.
-38
Calculate 6 + -1 - (-94 - (157 - 373)).
-117
5 + 3 + ((7 - 18) + 50 - 10)
37
73 + -48 + (0 - 1) + -82 + 70
12
Evaluate -23 - (80 + (-77 - -19)).
-45
-15 + (6 - 3) + 3 - (109 - 155)
37
Evaluate 1 - (-146 + 39 + 44).
64
What is 68 - -59 - 72 - 70?
-15
(-59 - -79) + (-1 - 20) + 0 + 24
23
What is (-5 - (43 - 21)) + 9 - (-1 - -55)?
-72
Calculate 6 + -70 - (13 + (-5 - (-14 + 8 + 10))).
-68
What is -47 - -57 - (5 + -5 + 11) - 5?
-6
Evaluate -46 + 39 + 7 + (3 - (-17 - 2)).
22
-473 + 461 + (-4 + 8 - -117) + -13 + 0
96
Evaluate -108 + 87 + 7 + -93.
-107
What is the value of -12 + (-4 - -14 - 21 - -25) - -6?
8
What is -33 + 85 - (11 + (-19 - -21))?
39
-81 - ((11 - 105) + 56)
-43
0 + -3 + (1426 - 1456) + (-62 - -3)
-92
What is (-17 - 8) + 23 + -31 - -19?
-14
29 + 20 + (5 - (37 - 21))
38
What is the value of (97 - 91) + (-48 - 2) - -21?
-23
Evaluate -65 + (37 - (30 + -71)).
13
What is 43 - (-50 + 91) - -35?
37
What is (-12 - (0 - -1)) + (-49 - (-38 - 9))?
-15
Evaluate 33 - (-30 + 21) - 61.
-19
(-9 - -11) + 95 - 54
43
What is 0 - (70 - 21 - (-4 - (-15 - -15)))?
-53
44 + (28 - (10 - -29)) - -58
91
-5 + -15 - (116 + -69 + -161)
94
What is the value of (-994 - -859) + (0 - -35) - -17?
-83
What is the value of 0 + (-2 - 118) + (10 + 19 - (6 + 12))?
-109
What is (11 + -16 - (-29 + 20)) + (-1 - 6) + 8?
5
What is -20 + 4 + 17 + 22 + -47?
-24
What is the value of (7 - 63) + -7 - -20 - -22?
-21
What is the value of 2 + 4 + 4 - (-2 - ((-30 - 47) + 42))?
-23
Evaluate 1418 - 1447 - (2 + -1 + (8 - (0 + -2))).
-40
Evaluate -8 + (-43 - 4) + 23.
-32
-2 + 2 + (-7 - (-24 + 10 - -3))
4
Evaluate -11 - (0 + -22) - 4 - -15 - (4 + -1).
19
What is -51 + 56 + 3 + -135 + -5 + 1 + 3?
-128
Calculate -5 - 49 - (8 + -46 - -5).
-21
Evaluate 33 + 110 + -79 - 4.
60
Calculate 26 + (20 - (22 + -10) - -5) - -22.
61
Calculate 0 + 59 + (-16 - (52 - 95)).
86
What is the value of (101 + -17 - -8) + -29 - (-3 + -1)?
67
Evaluate 98 - (-27 + (70 - 27) + (-5 - -3 - 1)).
85
Evaluate 101 + (8 - -80) + -72.
117
What is the value of (2 - 1) + (12 - -22) + -76?
-41
What is the value of -6 + 3 + -1 + -7 + -5?
-16
Evaluate -12 + (-22 - -39 - -4) + -2 + -111.
-104
(-12 - -44) + 16 + -79
-31
Evaluate 35 - (-8 - 0 - (10 - 9) - (-8 - 4)).
32
50 - (-33 + 30 - (1 - 13 - -2))
43
Evaluate (95 - (3 - 0)) + 46 + -65.
73
Evaluate -5 - -2 - (-7 + -3 + (16 - -84)) - 2.
-95
Evaluate (210 + -69 - 88) + -4 + (0 + 1 - -11).
61
What is the value of (10 + 2 - -6) + (-52 - -12)?
-22
Calculate 0 + 0 + 0 + -5 - (-28 + (56 - 20)).
-13
Evaluate -7 + 34 - (-30 - -25).
32
Calculate 8 + 5 + -4 - ((8 - 6) + -52 + 58).
1
What is 0 + 5 + -4 + 20 + -56?
-35
196 + -135 + -52 + (-26 - (1 + -2))
-16
Evaluate -2 + 24 + 140 + -163.
-1
Calculate -12 + 41 - 7 - -4 - 139.
-113
What is (20 - -13) + 3 + 12 + 3?
51
Calculate (-29 + 1 - -43 - (2 + 1)) + 25.
37
What is 25 + (17 - 39) + (10 - -4)?
17
Evaluate 1 + 19 + 1 + -3 + -30516 + 30478.
-20
Calculate -6 - (13 + (17 - (6 - 4))).
-34
Calculate 19 - (-26 - (19 + (-97 - 16))).
-49
Calculate -5 - (-55 + (16 - 0) + -23 + (5 - -2)).
50
What is -44 - ((-3 - (18 - (17 + -10))) + 1)?
-31
Evaluate 81 + -1 - (6 + 94 + -75).
55
Calculate (-111 - -106 - (-3 - -2 - -4)) + -7.
-15
Calculate (64 - 16 - 24) + (-11 - 2).
11
What is the value of (-13 - (0 + (-11 - -7))) + 62 + -9?
44
-13 - ((-46 - -95 - 9) + -1 + -3 + 4)
-53
(-51 + 5 + 13 - 5) + (-15 - (-5 - 12))
-36
Evaluate 7 + 0 + (37 - (13 + -107 + 41)).
97
What is 1 - (5 - 2) - (-105 + 88) - -5?
20
What is 130 + (30 + 3 - 24 - -2)?
141
-19 + 3 - -1 - ((-8 - -11) + -2)
-16
Evaluate -4 + (45 - (-8 - -12) - (47 + -31)).
21
(10 + (-1 + -5 - 4) - 60) + 5
-55
Calculate (20 + -5 - -4 - 11) + 0 + -40.
-32
Calculate -19 - (-1 - (4 + -11)) - (-3 + 2 - 10).
-14
Evaluate -1 - -38 - ((11 + -29 - -22) + -17 + 18).
32
52 - (31 + -46 - -47 - 70)
90
Evaluate -4 + (-5 + 1 - (-127 + 30 - -29)).
60
What is -7 + 97 + 0 + 0 + (-518 - -526)?
98
What is 8 - (-19 + 6 + 4 - (-7 - -1))?
11
Calculate -8 + (-68 + 78 + -1 + -30 - -26).
-3
What is the value of 14 - (60 - 19) - 36?
-63
Evaluate 7 + (3 - 1) + (13 - (16 + 1)) + -31.
-26
Calculate 12 - (9 + -8 - (-14 + (-13 - -24))).
8
What is the value of -6 + -68 + -591 + 668?
3
Evaluate -375 + 322 - (-2 - -1).
-52
-38 + 1 + (115 - (67 - -32))
-21
Calculate (8 - (2 + 1)) + (118 - 128 - (0 - -20)).
-25
Calculate -17 + -2 - (-80 + (55 - 90)).
96
What is -4 + 2 - 99 - (-45 - -11 - -52)?
-119
What is 66 + (24 - 56) + -12 + 1?
23
Calculate (220 - 235) + (5 - 3 - 3).
-16
What is (-30 - (20 - 65) - -7) + -3?
19
What is -3 + 2 - 16 - ((-265 - 66) + 228)?
86
(-98 + 74 - -66) + (-11 - 1)
30
-7 - (18 + -31 - 4)
10
Calculate (-6 - -14 - -2) + 1 - (4 - (-5 - 29)).
-27
What is -172 + (-107 - -76) - -94?
-109
-55 - (-22 - -14 - 10 - 4 - -13)
-46
(22 - 3) + 11 + (-44 + 8 - -30)
24
What is -5 + -6 + 1 - (-22 - -31)?
-19
Calculate 27 + (57 + 15 - 71).
28
Calculate 4 + 10 - (7 + 86) - (-20 - -10).
-69
Evaluate -68 - -49 - ((22 - 17) + -79).
55
What is -11 - -2 - (-45 - -28)?
8
Calculate (-3 - 115) + (283 - 280).
-115
Calculate (235 - 227) + (1 - 18 - -1) - (0 - 11).
3
Evaluate (13 -